{"id":370,"date":"2011-07-25T21:30:52","date_gmt":"2011-07-25T19:30:52","guid":{"rendered":"http:\/\/halm.berlin\/?page_id=370"},"modified":"2019-10-24T14:18:50","modified_gmt":"2019-10-24T13:18:50","slug":"projekte","status":"publish","type":"page","link":"http:\/\/hpplus.berlin\/?page_id=370","title":{"rendered":"Referenzen"},"content":{"rendered":"\n<p> Mitdenken und zupacken\u201c lautet unser Leitsatz in zahlreichen standort\u00fcbergreifenden Rollout- und Konsolidierungsprojekten. Immer mitten im Geschehen unterst\u00fctzen wir unsere Kunden bei allen wichtigen und zentralen Aufgaben.  Auf den nachfolgenden Seiten finden sie einen Ausschnnitt unserer Referenz Projekte. <\/p>\n\n\n\n<p>F\u00fcr ein pers\u00f6nliches Gespr\u00e4ch stehen wir Ihnen gerne unter <strong>Telefon +49 30 688 999-0 <\/strong>zur Verf\u00fcgung. <\/p>\n","protected":false},"excerpt":{"rendered":"<p>Mitdenken und zupacken\u201c lautet unser Leitsatz in zahlreichen standort\u00fcbergreifenden Rollout- und Konsolidierungsprojekten. Immer mitten im Geschehen unterst\u00fctzen wir unsere Kunden bei allen wichtigen und zentralen Aufgaben. Auf den nachfolgenden Seiten finden sie einen Ausschnnitt unserer Referenz Projekte. F\u00fcr ein pers\u00f6nliches Gespr\u00e4ch stehen wir Ihnen gerne unter Telefon +49 30 688 999-0 zur Verf\u00fcgung.<\/p>\n","protected":false},"author":1,"featured_media":0,"parent":0,"menu_order":4,"comment_status":"closed","ping_status":"closed","template":"","meta":{"ngg_post_thumbnail":0,"footnotes":""},"class_list":["post-370","page","type-page","status-publish","hentry"],"_links":{"self":[{"href":"http:\/\/hpplus.berlin\/index.php?rest_route=\/wp\/v2\/pages\/370","targetHints":{"allow":["GET"]}}],"collection":[{"href":"http:\/\/hpplus.berlin\/index.php?rest_route=\/wp\/v2\/pages"}],"about":[{"href":"http:\/\/hpplus.berlin\/index.php?rest_route=\/wp\/v2\/types\/page"}],"author":[{"embeddable":true,"href":"http:\/\/hpplus.berlin\/index.php?rest_route=\/wp\/v2\/users\/1"}],"replies":[{"embeddable":true,"href":"http:\/\/hpplus.berlin\/index.php?rest_route=%2Fwp%2Fv2%2Fcomments&post=370"}],"version-history":[{"count":23,"href":"http:\/\/hpplus.berlin\/index.php?rest_route=\/wp\/v2\/pages\/370\/revisions"}],"predecessor-version":[{"id":1184,"href":"http:\/\/hpplus.berlin\/index.php?rest_route=\/wp\/v2\/pages\/370\/revisions\/1184"}],"wp:attachment":[{"href":"http:\/\/hpplus.berlin\/index.php?rest_route=%2Fwp%2Fv2%2Fmedia&parent=370"}],"curies":[{"name":"wp","href":"https:\/\/api.w.org\/{rel}","templated":true}]}}