{"id":396,"date":"2011-07-26T16:45:40","date_gmt":"2011-07-26T14:45:40","guid":{"rendered":"http:\/\/halm.berlin\/?page_id=396"},"modified":"2020-03-04T15:30:32","modified_gmt":"2020-03-04T14:30:32","slug":"profil","status":"publish","type":"page","link":"http:\/\/hpplus.berlin\/?page_id=396","title":{"rendered":"Profil"},"content":{"rendered":"<p><a href=\"http:\/\/halm.berlin\/wp-content\/uploads\/2011\/07\/bewerbungsbild.jpg\"><img loading=\"lazy\" decoding=\"async\" class=\"alignleft wp-image-894\" title=\"bewerbungsbild\" src=\"http:\/\/halm.berlin\/wp-content\/uploads\/2011\/07\/bewerbungsbild-300x245.jpg\" alt=\"\" width=\"194\" height=\"158\" srcset=\"http:\/\/hpplus.berlin\/wp-content\/uploads\/2011\/07\/bewerbungsbild-300x245.jpg 300w, http:\/\/hpplus.berlin\/wp-content\/uploads\/2011\/07\/bewerbungsbild-367x300.jpg 367w, http:\/\/hpplus.berlin\/wp-content\/uploads\/2011\/07\/bewerbungsbild.jpg 650w\" sizes=\"auto, (max-width: 194px) 100vw, 194px\" \/><\/a><\/p>\n<p>&nbsp;<\/p>\n<p>&nbsp;<\/p>\n<p>&nbsp;<\/p>\n<p>Gesch\u00e4ftsf\u00fchrer Dipl. Ing. (FH) J\u00fcrgen Rudolf Halm<\/p>\n<p><strong>Meine Aufgabenschwerpunkte<\/strong><\/p>\n<p>komplizierte Infrastukturprojekte sind die Schwerpunkte meiner beruflichen T\u00e4tigkeit.<br \/>\nWie steigern wir die Ergebnis- und Prozessqualit\u00e4t? und<br \/>\nWie schaffen wir gleichzeitig attraktive und motivierende Rahmenbedingungen f\u00fcr den Menschen?<br \/>\nsind wiederkehrende Fragen der Industrialisierung 4.0.<\/p>\n<p><strong>Mein Wissen<\/strong><\/p>\n<blockquote><p>&gt; Dipl. Ing. (FH)&nbsp; Bauplanung \/ Hochbau \/ Architekt<br \/>\n&gt; Grund-Studium 6 Semester Philosophy (Chaos Theorie)<br \/>\n&gt; seit 1993 Gesellschaft f\u00fcr Architekten + Ingenieure Ingenieurb\u00fcro <strong>HP<\/strong><br \/>\n&gt; seit 2012 <strong>HPPLUS+<\/strong> Gesellschaft f\u00fcr Projektmanagement GmbH<\/p><\/blockquote>\n<p><strong>Meine Erfahrung:<\/strong><\/p>\n<blockquote><p>&gt; Projektleitung im Zuge der Vorbereitung, der Einf\u00fchrung und des Betriebs des satellitengest\u00fctzten Mautsystems in Deutschland.<br \/>\n&gt; Projektleitung&nbsp; und Teilprojektleitung im Zuge der Einf\u00fchrung von 4G und 5G&nbsp; in Deutschland in den Bereichen Planung, Civil Work und Akquisition<br \/>\n&gt; Teamleiter und Teilprojektleitung im Zuge der Einf\u00fchrung von 3G in Deutschland<\/p><\/blockquote>\n<p>Wissenswertes:<\/p>\n<p>Bereits w\u00e4hrend des Studiums interessierte ich mich f\u00fcr komplizierte Telematik Projekte und deren Auswirkungen auf die Gesellschaft. Im Wissen Darum, da\u00df sich damit die Welt ver\u00e4ndert, habe ich weitere Fragen und Antworten im Studium der Philosophie gesucht und gefunden.<\/p>\n<p>Sp\u00e4ter wurden diese komplizierten Infrastruktur-Projekte zu meinem beruflichen Schwerpunkt. Im Jahr 2012 wurde J\u00fcrgen Rudolf Halm managing director der <strong>HPPLUS+<\/strong> Projektmanagement GmbH.<\/p>\n","protected":false},"excerpt":{"rendered":"<p>&nbsp; &nbsp; &nbsp; Gesch\u00e4ftsf\u00fchrer Dipl. Ing. (FH) J\u00fcrgen Rudolf Halm Meine Aufgabenschwerpunkte komplizierte Infrastukturprojekte sind die Schwerpunkte meiner beruflichen T\u00e4tigkeit. Wie steigern wir die Ergebnis- und Prozessqualit\u00e4t? und Wie schaffen wir gleichzeitig attraktive und motivierende Rahmenbedingungen f\u00fcr den Menschen? sind wiederkehrende Fragen der Industrialisierung 4.0. Mein Wissen &gt; Dipl. Ing. (FH)&nbsp; Bauplanung \/ Hochbau \/ &hellip; <a href=\"http:\/\/hpplus.berlin\/?page_id=396\" class=\"more-link\"><span class=\"screen-reader-text\">Profil<\/span> weiterlesen <span class=\"meta-nav\">&rarr;<\/span><\/a><\/p>\n","protected":false},"author":1,"featured_media":0,"parent":0,"menu_order":8,"comment_status":"closed","ping_status":"closed","template":"","meta":{"ngg_post_thumbnail":0,"footnotes":""},"class_list":["post-396","page","type-page","status-publish","hentry"],"_links":{"self":[{"href":"http:\/\/hpplus.berlin\/index.php?rest_route=\/wp\/v2\/pages\/396","targetHints":{"allow":["GET"]}}],"collection":[{"href":"http:\/\/hpplus.berlin\/index.php?rest_route=\/wp\/v2\/pages"}],"about":[{"href":"http:\/\/hpplus.berlin\/index.php?rest_route=\/wp\/v2\/types\/page"}],"author":[{"embeddable":true,"href":"http:\/\/hpplus.berlin\/index.php?rest_route=\/wp\/v2\/users\/1"}],"replies":[{"embeddable":true,"href":"http:\/\/hpplus.berlin\/index.php?rest_route=%2Fwp%2Fv2%2Fcomments&post=396"}],"version-history":[{"count":65,"href":"http:\/\/hpplus.berlin\/index.php?rest_route=\/wp\/v2\/pages\/396\/revisions"}],"predecessor-version":[{"id":1268,"href":"http:\/\/hpplus.berlin\/index.php?rest_route=\/wp\/v2\/pages\/396\/revisions\/1268"}],"wp:attachment":[{"href":"http:\/\/hpplus.berlin\/index.php?rest_route=%2Fwp%2Fv2%2Fmedia&parent=396"}],"curies":[{"name":"wp","href":"https:\/\/api.w.org\/{rel}","templated":true}]}}