{"id":686,"date":"2011-09-08T13:31:10","date_gmt":"2011-09-08T12:31:10","guid":{"rendered":"http:\/\/halm.berlin\/?page_id=686"},"modified":"2021-06-10T15:50:06","modified_gmt":"2021-06-10T14:50:06","slug":"impressum","status":"publish","type":"page","link":"http:\/\/hpplus.berlin\/?page_id=686","title":{"rendered":"Impressum"},"content":{"rendered":"<p><strong>\u00a9 hp-plus<\/strong> <strong>Projektmanagement GmbH<br \/>Gesellschaft von Architekten und Ingenieuren<br \/><\/strong><\/p>\n<p>Schandauer Stra\u00dfe 16, 12045 Berlin<a href=\"http:\/\/halm.berlin\/\"><br \/><\/a>Gesch\u00e4ftsf\u00fchrer: Dipl. Ing. (FH) J\u00fcrgen Rudolf Halm<br \/>HRB 140213 B&nbsp;&nbsp;&nbsp; Stnr. 29 \/ 354 \/ 30071<br \/>UST.ID DE 282 63 4131<\/p>\n<h3>&nbsp;<\/h3>\n<p><strong>Disclaimer<\/strong><\/p>\n<p><strong>hp-plus GmbH<\/strong>&nbsp;bem\u00fcht sich im Rahmen des Zumutbaren, auf dieser Webseite richtige und vollst\u00e4ndige Informationen zur Verf\u00fcgung zu stellen. <strong>hp-plus<\/strong><strong> GmbH<\/strong>&nbsp;\u00fcbernimmt jedoch keine Gew\u00e4hr f\u00fcr die Richtigkeit und Vollst\u00e4ndigkeit der auf dieser Webseite bereitgestellten Informationen. Gleiches gilt auch f\u00fcr die Inhalte externer Webseiten, auf die diese Seite \u00fcber Hyperlinks direkt oder indirekt verweist und auf die die <strong>hp-plus <\/strong><strong>GmbH<\/strong>&nbsp;keinen Einfluss hat. Die <strong>hp-plus<\/strong><strong> GmbH<\/strong>&nbsp;distanziert sich daher ausdr\u00fccklich von allen fremden Inhalten, auch wenn von Seiten von <strong>hpplus+<\/strong><strong> GmbH<\/strong>&nbsp;auf diese externe Seiten ein Link gesetzt wurde. Die fremden Inhalte stellen keineswegs die Meinung von <strong>hp-plus<\/strong><strong> GmbH<\/strong>&nbsp;dar. <strong>hp-plus<\/strong><strong> GmbH<\/strong>&nbsp;ist f\u00fcr die Einhaltung der Datenschutzbestimmungen auf diesen Webseiten nicht verantwortlich. Der Schutz personenbezogener Daten ist uns ein wichtiges Anliegen. Deshalb betreibt wir dieses Internetportal in \u00dcbereinstimmung mit den geltenden Gesetzen zum Datenschutz und zur Datensicherheit. \u00dcber die gesetzlichen Vorschriften k\u00f6nnen Sie sich unter www.datenschutz.de umfassend informieren.<\/p>\n\n\n<p><\/p>\n","protected":false},"excerpt":{"rendered":"<p>\u00a9 hp-plus Projektmanagement GmbHGesellschaft von Architekten und Ingenieuren Schandauer Stra\u00dfe 16, 12045 BerlinGesch\u00e4ftsf\u00fchrer: Dipl. Ing. (FH) J\u00fcrgen Rudolf HalmHRB 140213 B&nbsp;&nbsp;&nbsp; Stnr. 29 \/ 354 \/ 30071UST.ID DE 282 63 4131 &nbsp; Disclaimer hp-plus GmbH&nbsp;bem\u00fcht sich im Rahmen des Zumutbaren, auf dieser Webseite richtige und vollst\u00e4ndige Informationen zur Verf\u00fcgung zu stellen. hp-plus GmbH&nbsp;\u00fcbernimmt jedoch keine &hellip; <a href=\"http:\/\/hpplus.berlin\/?page_id=686\" class=\"more-link\"><span class=\"screen-reader-text\">Impressum<\/span> weiterlesen <span class=\"meta-nav\">&rarr;<\/span><\/a><\/p>\n","protected":false},"author":1,"featured_media":0,"parent":0,"menu_order":30,"comment_status":"closed","ping_status":"closed","template":"","meta":{"ngg_post_thumbnail":0,"footnotes":""},"class_list":["post-686","page","type-page","status-publish","hentry"],"_links":{"self":[{"href":"http:\/\/hpplus.berlin\/index.php?rest_route=\/wp\/v2\/pages\/686","targetHints":{"allow":["GET"]}}],"collection":[{"href":"http:\/\/hpplus.berlin\/index.php?rest_route=\/wp\/v2\/pages"}],"about":[{"href":"http:\/\/hpplus.berlin\/index.php?rest_route=\/wp\/v2\/types\/page"}],"author":[{"embeddable":true,"href":"http:\/\/hpplus.berlin\/index.php?rest_route=\/wp\/v2\/users\/1"}],"replies":[{"embeddable":true,"href":"http:\/\/hpplus.berlin\/index.php?rest_route=%2Fwp%2Fv2%2Fcomments&post=686"}],"version-history":[{"count":23,"href":"http:\/\/hpplus.berlin\/index.php?rest_route=\/wp\/v2\/pages\/686\/revisions"}],"predecessor-version":[{"id":1297,"href":"http:\/\/hpplus.berlin\/index.php?rest_route=\/wp\/v2\/pages\/686\/revisions\/1297"}],"wp:attachment":[{"href":"http:\/\/hpplus.berlin\/index.php?rest_route=%2Fwp%2Fv2%2Fmedia&parent=686"}],"curies":[{"name":"wp","href":"https:\/\/api.w.org\/{rel}","templated":true}]}}